82. What is the highest common factor of y and 352?
32
Suppose -25200 = -39*w - 17*w. Calculate the highest common factor of 558 and w.
18
Suppose -11*o = -14*o + 2*w + 22, 0 = 3*w + 6. Suppose 108 = -o*k + 780. Calculate the highest common divisor of 7 and k.
7
Suppose -a + 5 - 2 = 0, -o + 162 = 5*a. Let h = o - 92. What is the greatest common divisor of h and 5?
5
Suppose 0 = -4*y - 12 + 24. Suppose -v = -3*v - 4*u + 92, u = y. What is the greatest common divisor of 10 and v?
10
Let b(y) = 36*y - 17. Let h be b(3). Let v = h - 69. What is the greatest common divisor of 55 and v?
11
Let p = -2233 + 2841. Calculate the greatest common divisor of 57 and p.
19
Let y(s) = -3*s - 49. Let h be y(-20). Suppose -m - 6 = -3*m. Suppose -m*o = -11 - 22. What is the greatest common factor of h and o?
11
Let w(i) = -209*i + 19 + 118*i**2 - 236*i**2 + 1 + 112*i**2. Let m be w(-34). Calculate the highest common factor of 30 and m.
10
Let l(c) = 11*c**2 - c - 1. Let k be l(-2). Let q = 2963 + -281. Suppose -q = -23*n + 5598. What is the highest common factor of n and k?
45
Let y(d) = 418*d**2 + 13*d + 10. Let l be y(-2). Calculate the greatest common divisor of l and 288.
72
Let a(z) = -89*z**3 - 9*z**2 - 12*z + 11. Let u be a(-5). Suppose -60*y + u + 3069 = 0. What is the highest common divisor of y and 78?
78
Let y = -8043 - -8281. Calculate the greatest common divisor of y and 1870.
34
Suppose 225 = 5*v + 3*g, -g + 5*g - 28 = -v. Suppose 0 = -17*n - 3*n + 3540. Suppose -x - n = -180. What is the greatest common divisor of x and v?
3
Let m be (-24)/8*1180/(-15). Let t = m - 158. What is the greatest common factor of 104 and t?
26
Let t be (-1300)/(-15)*3/2. Let g = t + 5. Let c(u) = 1782*u - 17805. Let x be c(10). Calculate the highest common factor of x and g.
15
Let q be ((-10)/8 + (-33583)/(-172))/1. What is the greatest common factor of 2619 and q?
97
Let t = -10265 - -13424. What is the highest common divisor of 819 and t?
117
Let s(j) = -j + 7. Let i be s(5). Let o(t) = 16*t + 22*t**3 - 11*t**2 - 89 - 21*t**3 + 34. Let r be o(10). What is the greatest common divisor of i and r?
1
Suppose 2*y - 5*r = -0*r + 22, -2*r = 5*y - 84. Suppose 0 = 16*q - 14*q - y. Suppose -406 = o - q*o. Calculate the greatest common factor of 145 and o.
29
Suppose -743*t - 986 = -760*t. Calculate the greatest common factor of 87 and t.
29
Suppose 3*z + 34 + 92 = 0. Let f be z/(-10) + (-7)/35. Suppose -f*g - 3*o + 87 = 0, 4*o - 63 = -3*g + o. What is the highest common factor of 3 and g?
3
Suppose 0 = -7*j + 896 - 63. Calculate the highest common factor of 391 and j.
17
Let y(p) = -78*p - 784. Let k be y(-14). Calculate the greatest common divisor of k and 176.
44
Let u be -66*18/1287*13*-2. Let j be 1/(-3) - (-434)/6. What is the greatest common divisor of u and j?
24
Suppose -3541 = -5*y + 4*k, 3*y - 10*k = -8*k + 2123. Calculate the greatest common divisor of 30 and y.
15
Let l(f) = -2*f**3 - 5*f**2 + 4*f + 5. Let k be l(-4). Let v(s) = 149*s + 2568. Let y be v(-15). Calculate the highest common divisor of y and k.
37
Let l = -54 - -92. Let x be 1 - ((-6)/(-30) - 22/10). Suppose -4*k = 4*b - 132, x*k + k - 2*b - 162 = 0. Calculate the greatest common factor of l and k.
38
Suppose -11*j + 4 = -10*j. Suppose n = j - 1. Let o be 27/(-18) - 102/(-4). What is the highest common divisor of o and n?
3
Let l = -534 + 577. Suppose -270 = -l*h + 33*h. What is the greatest common divisor of h and 999?
27
Let g(t) = t**2 + 12*t - 2. Let w be g(-6). Let n = -34 - w. Suppose -5*o + 112 = n*k - 9, 3*o - 148 = -5*k. What is the highest common divisor of k and 87?
29
Let p = 12629 - 11117. Calculate the greatest common factor of p and 224.
56
Suppose 5*q - 116925 = -5*o, 0 = -4*o - 2*q + 15034 + 78512. What is the highest common divisor of o and 12?
12
Suppose -4*l + 157 + 71 = 0. Let x(v) = 3*v**2 + 6*v + 4. Let s be x(4). What is the greatest common factor of l and s?
19
Let f = 33 - 8. Suppose -9*p + 11 = -52. Suppose 1500 = 22*s - p*s. What is the highest common divisor of s and f?
25
Let i be 25929/39 + 5 + (-4)/(-26). Suppose -7*w - 250 = -i. What is the greatest common factor of w and 135?
15
Suppose 0 = 77*u - 29*u - 6192. What is the greatest common factor of 43 and u?
43
Suppose j = -26 + 28. Suppose 4 + 4 = j*n. Suppose -n*i + 6*i - 40 = 0. Calculate the highest common factor of 30 and i.
10
Let u be (-49875)/(-1197)*(-24)/(-10). Calculate the greatest common factor of u and 175.
25
Let i = -259 - -162. Let k = 101 + i. Calculate the greatest common divisor of 68 and k.
4
Let d = -1119 + 1237. What is the greatest common divisor of d and 2006?
118
Suppose 0 = 5*u - 3*y - 32 + 7, 0 = -4*u - 3*y - 7. What is the greatest common divisor of u and 53?
1
Suppose 2*y + 2*y + 2*y = 1890. Calculate the highest common divisor of y and 147.
21
Suppose -3*w - 157 = 56. Let v = w - -112. Calculate the highest common factor of v and 533.
41
Let u be (-4 + -1)*(38 - 5). Let z be 4/22 - 465/u. Suppose 5*y + 281 = 4*p, z*p - 4*y - 35 = 175. Calculate the highest common divisor of 37 and p.
37
Suppose 9*i + 0*w = 5*w + 173, 0 = 3*i + 3*w - 39. Let p(j) = -79*j + 5. Let s be p(-7). Let o = -337 + s. Calculate the highest common divisor of o and i.
17
Suppose -l + 87 = -89. Let z(m) = -36*m + 24. Let c(a) = -12*a + 8. Let j(h) = -7*c(h) + 2*z(h). Let q be j(2). What is the highest common factor of l and q?
16
Let y be (-2 + 3)/(23/38065) - (1 + 1). Calculate the greatest common factor of 783 and y.
87
Suppose -1 = 3*u - 7, 80 = 2*c + u. Let s(w) = 6*w**2 + w + 1. Let f be s(-3). Suppose -y - 3*y = -f. Calculate the highest common factor of c and y.
13
Suppose 0*g - 4 = -4*g. Let c = 16 - g. Let z be (c - (4 - 3)) + -2. Calculate the highest common factor of 18 and z.
6
Let f(m) = -433*m - 5531. Let b be f(-20). What is the highest common divisor of b and 147?
21
Let g(r) = 2*r**3 - 38*r**2 + 9*r - 35. Let h be g(20). Calculate the highest common factor of 70 and h.
35
Let o be -2 - 44/11*-18435. Let p = 1 + 1. Let h be (o/(-26))/(-7) + p/(-13). What is the greatest common divisor of 45 and h?
45
Let h be (46/4)/((-1)/(-2)). Suppose 0 = 21*i - 128 + 23. Suppose f - 90 = -4*j, 119 = 5*j + i*f - 7*f. Calculate the highest common factor of h and j.
23
Let h be 80/(-44) + 2 + (-89452)/(-484). What is the highest common divisor of h and 4995?
185
Let t be -3 + 0 - (-1190)/7. Let i = t - 107. Suppose -i = 9*b - 12*b. What is the greatest common factor of b and 140?
20
Let g(a) = 63*a**3 + a**2 - 67*a**3 - 10 + 9. Let q be g(-1). Suppose -33 = -q*k - 5*j, 2*k + 2*j - 24 = -6. What is the highest common factor of k and 12?
12
Suppose 0 = -32*h + 10*h + 14036. Let v = 572 + h. Calculate the greatest common factor of 10 and v.
10
Suppose -4*v = 4*n - 1532 + 1444, -2*n + 88 = 4*v. Suppose -u = 5*y - 161, -2*u + 24 + 34 = 2*y. What is the greatest common factor of v and y?
11
Let j = 11693 - 11645. Let f = 69 - -63. What is the highest common factor of j and f?
12
Let n be 0 + (-8)/10 + 13188/35. Let p = 245 - n. Let r = 139 + p. What is the greatest common divisor of 64 and r?
8
Let o be (4063 + -18 - -23) + -22. What is the highest common divisor of 224 and o?
14
Let t(n) = -n + 11. Let v be t(-13). Let g = -21 + v. Suppose -2*p + 28 = j, 5*p = 6*j - g*j - 95. What is the greatest common factor of j and 15?
15
Suppose 3*a = -h - 32, 6*a - 2*a - h + 38 = 0. Let x be -2*(25/a + 3). Let d be (-13)/x*1*1. What is the greatest common factor of d and 143?
13
Suppose 5*g = -5 + 255. Suppose 0 = -121*o + 1605 + 7470. Calculate the highest common divisor of o and g.
25
Let a(o) = -o + 115. Let u(c) = -116. Let x(l) = -4*a(l) - 5*u(l). Let k be x(0). What is the highest common factor of 15 and k?
15
Suppose 0*b = b - 22. Let o = -88975 - -89129. Calculate the greatest common divisor of o and b.
22
Suppose 0 = 4*i - 0*i - 3*h - 1273, 1263 = 4*i - 5*h. Suppose 2*u + 24 = 4*u + 2*c, -5*u + 2*c + 25 = 0. Calculate the highest common divisor of u and i.
7
Let r be 2/(-3)*6/4*-2. Let s be 135/25 - r/5. Suppose 3*l - s = 2*z, 0 = 5*l - 1 - 14. What is the greatest common factor of z and 4?
2
Suppose -y - h = -19, -4*h = -y + 281 - 287. What is the highest common divisor of 102 and y?
2
Let s be -2 + 147*8/3. Suppose 0 = 